-t*y = -4*y - 4*p - 82. Suppose -y = -7*s + 2*s. What are the prime factors of s?
2, 7
Let p be (-632)/(-6) - (-3)/(-9). Let w = -74 + p. List the prime factors of w.
31
Let f(g) = g - 6. Let l be f(10). Suppose m + 21 = l*v, m = -0*v - 4*v + 27. List the prime factors of v.
2, 3
Let w(s) = -s**2 + 9*s + 6. Let n be w(9). Let h(r) = -r**3 + 7*r**2 + r + 5. List the prime factors of h(n).
47
Suppose -g - g = -226. Suppose -3*a = 4*u - 109, 0*u = -3*a - 5*u + g. Suppose 2*n - a = -11. What are the prime factors of n?
2, 5
Let n(u) = u**3 - 6*u**2 + 2*u + 3. Let o(y) = y**3 + 9*y**2 - 2*y - 12. Let j be o(-9). What are the prime factors of n(j)?
3, 5
Let s be (8/5)/((-8)/(-20)). What are the prime factors of (-315)/(-25) + s/10?
13
Suppose 1 = -z + 8. Let v be 4/(-2)*6/(-4). Let r = v + z. What are the prime factors of r?
2, 5
Let p(d) = d**3 + 6*d**2 - 8*d - 2. What are the prime factors of p(-7)?
5
Suppose 4 = -4*u + x, 2*u + 2*x - 1 = 7. Suppose -s - 3*s = u. List the prime factors of -4*(s - (-2 + 6)).
2
Let i = 19 - 14. Suppose -2*m = 4*t - 6*m + 8, -i*t = 2*m - 18. List the prime factors of t.
2
Let a(l) = -l**2 + 4. Suppose 2*n = 4*n. Let j be a(n). Suppose 0 = -4*o + 36 - j. What are the prime factors of o?
2
Let c(j) = -j. Let q be c(-5). Suppose -g = -t - 14, 0*t + q*t = -20. Suppose -g = -0*v - v. List the prime factors of v.
2, 5
Suppose 5*h = 27 + 28. Let b = h + -7. List the prime factors of b.
2
Suppose -191 + 31 = -5*f. Suppose -3*j + f = -22. Let v = j + -10. List the prime factors of v.
2
Suppose -2*o + 21 + 19 = 0. Suppose -2*h + u + o = -3*u, u = -3*h + 2. Suppose 5*q - 21 = -4*f + 52, -h = -f + 2*q. List the prime factors of f.
2, 3
Let p = 3 + -2. Suppose 5*a - p - 14 = 0. List the prime factors of a + 20/(4/2).
13
Let j(f) be the first derivative of 3*f**2/2 - 3*f - 1. Let b = 12 + -8. List the prime factors of j(b).
3
Suppose 27*w = 21*w + 1902. List the prime factors of w.
317
Suppose -5*u + 6*h + 246 = 2*h, 0 = 4*u - 5*h - 204. List the prime factors of u.
2, 23
Suppose 14 = i + 4*j, 0 = 4*i - 2*j - 0 - 2. Suppose 0 = -i*t - 0*t - 2. List the prime factors of 1/(t/(-5)) + 0.
5
Suppose 0 = -0*c + c - 2. Suppose -2*p + c = -6. Suppose -p*r - 20 = -2*o - 90, 0 = 4*o - 4. What are the prime factors of r?
2, 3
Suppose 4*f = -0*f + 88. Suppose -5*x + f = -63. What are the prime factors of x?
17
Let g(w) = -4*w**2 + 1 + 4*w**2 - 2*w**3. List the prime factors of g(-1).
3
List the prime factors of -31*(-3 + (-8)/(-4)).
31
Let t(x) be the third derivative of -x**6/120 - 3*x**5/20 - x**4/3 + 5*x**3/3 - 3*x**2. What are the prime factors of t(-8)?
2, 5
Let r(d) = 10*d**2 + d**3 - 2*d**3 + 0*d**3 + 2. List the prime factors of r(10).
2
Let z = 44 - 31. Let b = z + -6. List the prime factors of b.
7
Suppose 5 = -2*b - 15. Let i be (-46)/b - 14/(-35). Suppose -2*u + 16 = t, 2*u = 3*u + i*t + 10. What are the prime factors of u?
2, 5
Let k(h) = -16*h + 1. Let a be k(3). Let w = a + 66. List the prime factors of w.
19
Let f be (-378)/(-78) - 4/(-26). Let l be -2 + 3/(6/(-452)). List the prime factors of l/(-20) - 2/f.
11
Suppose 4*t + 8 = 0, 3*t + t = k + 2. Let h(x) = -x**2 - 9*x + 6. Let b be h(k). Let y(i) = i**3 + 3*i**2 - 5*i + 1. List the prime factors of y(b).
5
Let o = 71 - 42. What are the prime factors of o?
29
Let v = 169 + -119. What are the prime factors of v?
2, 5
Let z(r) = 5*r**2 - 3*r. Let q(f) = -9*f**2 + 6*f. Let s(y) = -4*q(y) - 7*z(y). Let t be s(3). Let u = t - -5. What are the prime factors of u?
5
Let o = 17 + -16. Let m = 13 - o. What are the prime factors of m?
2, 3
List the prime factors of (4 + 185/15)*(-2 + 5).
7
Let d(z) = -z**3 - z**2 + 4*z - 1. Let x be d(-3). Let w = x - 3. Suppose -4*v - t = -w*v - 17, 3*v + t - 26 = 0. What are the prime factors of v?
3
Let h be (-4 - -3)*14/(-2). Let b = h - -6. What are the prime factors of b?
13
Suppose -i + 8 = -28. List the prime factors of i.
2, 3
Suppose 0 = 5*h - 6*h + 24. Let a = 2 - -7. Suppose a = -5*s + h. What are the prime factors of s?
3
Suppose j + w - 6 = 3*w, 0 = -2*j - 4*w + 4. Suppose -2*p - 2*p + 44 = -j*y, 2*p - 5*y - 19 = 0. What are the prime factors of p?
2, 3
Let d(m) = -m**3 + 5*m**2 - 3*m + 12. Let c be d(5). Let b(j) = -j**3 - 3*j + 3. List the prime factors of b(c).
3, 13
Suppose -3*k - 5 = -2*k + d, -5*d + 15 = 0. Let i be (18 + -2)*4/k. Let l = i - -15. What are the prime factors of l?
7
Let a(x) = -x**3 - 3*x**2 - 2*x + 2. Suppose 0 = 3*t + 7 - 1. Let j be a(t). Suppose -2 - 4 = -3*b - 2*z, j*b + 5*z + 7 = 0. List the prime factors of b.
2
Suppose 0 = -2*b + 48 - 4. Let s = -7 + b. Suppose -2*o - s = -7*o. What are the prime factors of o?
3
Let o = 661 + -469. What are the prime factors of o?
2, 3
Suppose 0 = -5*b - r + 2, -5*b - 5*r = -0 - 10. Suppose b = -10*u + 9*u + 48. List the prime factors of u.
2, 3
Let z be ((-8)/(-6))/((-6)/(-9)). What are the prime factors of -1 + (7 - (1 - z))?
7
Let t(z) be the first derivative of 2*z**3/3 - z + 1. Let o be (2 - -2)/(-2)*-1. List the prime factors of t(o).
7
Let i = -11 + 15. Suppose 0 = i*n + o + 2*o - 83, 0 = 2*n - 2*o - 24. What are the prime factors of n?
17
Let b be (-6)/(-21) - 115/35. Let p(m) = m**2 + 6*m - 7. Let s(a) = -a**2 - 5*a + 6. Let y(i) = -4*p(i) - 5*s(i). List the prime factors of y(b).
2
Suppose 0*j + 10 = 4*j + n, 6 = j + 2*n. Let f be -1*(j - 0) - -6. Suppose 4*g = 3*i - 38, 0 = -i - f*g - 12 - 2. List the prime factors of i.
2, 3
Let y(d) = -d**3 - d**2 + d + 4. Let k be y(0). What are the prime factors of 130/8 + (-1)/k?
2
Suppose -15*r + 11*r = -144. List the prime factors of r.
2, 3
Let y(s) = -43*s - 10. What are the prime factors of y(-3)?
7, 17
Suppose -654 - 218 = -3*f - 4*l, 0 = -5*f - 3*l + 1468. List the prime factors of f.
2, 37
Let r(k) = 13*k. Let c be r(2). Let b = -5 + c. What are the prime factors of b?
3, 7
Let w(z) = z + 2. Let m be w(-6). Let s(j) = -j**2 - 7*j + 4. List the prime factors of s(m).
2
Let m(i) be the first derivative of -i**4/4 + i**3/3 - 5*i**2/2 + 4*i - 2. Let w be m(3). Let y = -19 - w. What are the prime factors of y?
2, 5
Let f = -39 + 13. Let j = 48 + f. List the prime factors of j.
2, 11
Suppose 7 = w + 2. Let a(s) = -w - 3*s - 1 + 5*s. List the prime factors of a(6).
2, 3
Let l(g) = -2*g - g**3 + 2*g**2 - 4*g**2 + g**2. What are the prime factors of l(-2)?
2
Let f = -19 + 29. Let l be 354/f + 2/(-5). Suppose r - 6*r = -l. List the prime factors of r.
7
Suppose -a + 58 = -47. What are the prime factors of a?
3, 5, 7
Suppose -r + 302 = 3*v, 298 = v + 2*v + 2*r. What are the prime factors of v?
2, 3, 17
Suppose 3*f = -3*b + 66, 3*b - 58 = -0*b - 5*f. What are the prime factors of b?
2, 13
Let s(u) = u**2 + 4*u - 11. Let m(c) = c**2 + 3*c - 10. Let h(f) = -2*m(f) + 3*s(f). What are the prime factors of h(-9)?
2, 7
Suppose -1 - 11 = -3*d, t - 68 = -2*d. What are the prime factors of t?
2, 3, 5
Let x = -94 + 171. Let c = 125 - x. What are the prime factors of c?
2, 3
Let z = 55 + -40. List the prime factors of z.
3, 5
Let d(b) be the first derivative of 4*b - 1/3*b**3 + 1 + 3/2*b**2. What are the prime factors of d(3)?
2
Suppose 8 = 3*k + 2. Suppose 4*i - 27 = d - k*d, 5*d + i - 78 = 0. Let y = d + -7. List the prime factors of y.
2
Let k = 76 + 127. List the prime factors of k.
7, 29
Suppose 4*a = 3*n - 82, 2*a + 141 = 4*n + 3*a. What are the prime factors of n?
2, 17
Suppose -3*z + 116 + 20 = 4*u, -4*u = 8. Suppose -3*k = k - z. List the prime factors of k.
2, 3
List the prime factors of 5*12 - (6 + -6).
2, 3, 5
Let f = 0 - -47. What are the prime factors of f?
47
Suppose -o - 3*s = 50, -213 = 4*o - 3*s - 73. List the prime factors of (o/(-6))/((-3)/(-9)).
19
Let j(f) = -f**2 - 5*f - 2. Let t = -8 - -1. Let y be j(t). Let u = y + 25. List the prime factors of u.
3
Let a = 3 + -48. Let m = -16 - a. What are the prime factors of m?
29
Suppose 3*k - 5*k = 0. List the prime factors of k - (-1 - 14 - -2).
13
Let s(c) = -8 + 4 - 3*c + 2 - 3. Suppose 18 = -5*u - 7. List the prime factors of s(u).
2, 5
Let d(g) = -g**3 + 16*g**2 - 16*g + 18. Let k be d(15). Suppose -k*q - 35 = -p, 3*q = 2*p - 41 - 41. List the prime factors of p.
47
Suppose 0*x = x + 2*k + 5, -20 = 2*x - k. Let v = 4 - x. What are the prime factors of v?
13
Let x(m) 